3.
43
Suppose -k + 82*v - 80*v = -120, 480 = 4*k - v. What is the greatest common divisor of k and 15?
15
Suppose 52*w - 88 = 44*w. Calculate the highest common factor of w and 44.
11
Let q = -19 + 40. Suppose 5*s - 2*i - 41 = 0, -2*i = 5*s - 7*i - 50. What is the highest common divisor of q and s?
7
Let s be ((-2)/9*-3)/(4/(-30)). Let p(m) = -m**3 - m**2 + 14*m - 6. Let t be p(s). Calculate the highest common factor of t and 42.
6
Let g(w) = w**3 + w + 9. Let q be g(0). Suppose 7*z + p + 38 = 8*z, 4*p = 3*z - 116. Calculate the highest common divisor of q and z.
9
Suppose -12*v + 15*v = 432. Suppose -2*u - 5*d + 13 = -4*u, 2*u + 2*d + 34 = 0. Let y be (-220)/u + 6/21. Calculate the highest common divisor of v and y.
16
Let p be (-4)/(-10) - (302/5 - 3). Let z = 65 + p. What is the highest common factor of z and 8?
8
Suppose -5*o + 4*d = -13, 2 = 4*o - 3*d - 9. Suppose 4*f - f - 270 = 0. Suppose o*t - f = 4*t. Calculate the highest common divisor of t and 10.
10
Let n(j) = 2*j**2 + 4*j - 3. Let u be n(2). Let h = 189 - 185. Suppose h*q - u = 3*q. Calculate the greatest common divisor of q and 26.
13
Suppose 5*z - 24 = 3*z. Let m be (3090/z)/(2/4). Suppose m - 1659 = -4*d. What is the greatest common divisor of d and 26?
26
Let i(f) = 98*f - 54. Let q be i(3). What is the greatest common divisor of q and 3?
3
Let k = -66 + 16. Let s = k - -55. Calculate the highest common factor of s and 5.
5
Suppose -4*b = -9*b + 65. Calculate the greatest common divisor of 1391 and b.
13
Suppose 0 = -w, o - 4*w = -4*o + 10. Suppose 2*n - 124 + 27 = 5*i, o*n + 4*i = 106. Suppose 6*u - 3*u - 102 = 0. Calculate the highest common factor of n and u.
17
Let b be 51/51 - 3*-8. Calculate the greatest common divisor of 2725 and b.
25
Let g be (-152)/(-6)*(-6 + (-297)/(-36)). Calculate the highest common factor of g and 9.
3
Let o = -46 + 48. Let x be o*22 + -2 + 2. Calculate the highest common divisor of x and 44.
44
Let l(m) = -21*m**2 + 6*m + 4. Let g be l(-2). Let j = 100 + g. Calculate the greatest common factor of j and 12.
4
Let y be (4 + -21 - 1)*(-8)/6. Let z(w) = 23*w**2 + 2*w - 1. Let f be z(1). What is the highest common factor of y and f?
24
Let l = 48 + -33. Let t = l + -7. Calculate the highest common factor of 64 and t.
8
Let w = 1093 + -883. What is the greatest common factor of 50 and w?
10
Let d = 20 + -22. Let n be ((-1)/d)/((-10)/(-3740)). Let l be (-33)/(-2) + (-3)/(-6). Calculate the highest common factor of n and l.
17
Let f be (2 + (3 - 3))*410/20. What is the greatest common divisor of f and 369?
41
Suppose 125 = 5*c + o - 538, 516 = 4*c - 4*o. Suppose g - 2*k - 23 + 3 = 0, 0 = 3*g + k - 32. What is the greatest common divisor of g and c?
12
Let j(z) = -22*z - 18. Let m be j(-4). Let b be (1288/m)/(1/10). Calculate the greatest common factor of 8 and b.
8
Let u(c) = -121*c**3 + c**2 + 5*c + 3. Let g be u(-1). What is the highest common factor of g and 40?
40
Let s(u) = -u**3 - 5*u**2 + u + 5. Let o be s(-5). Let y = 12 + o. What is the greatest common factor of y and 6?
6
Let g(h) = 524*h - 11490. Let a be g(22). Let t be (-572)/(-6) + 2/(-6). Calculate the highest common divisor of t and a.
19
Let g(c) = -c**3 - 24*c**2 - 23*c + 3. Let o be g(-23). Calculate the highest common factor of 81 and o.
3
Suppose 5*t + 4*c - 880 = 0, -2*t + 70 + 284 = 2*c. What is the greatest common factor of t and 4?
4
Suppose 0 = 2*g - 25 + 137. Let t be 11/22*g/(-2). Suppose -6 + t = 4*q. What is the greatest common factor of q and 2?
2
Let b = 3 + -1. Suppose b*u = 4*u - 16. Let w = 5 - 4. Calculate the greatest common factor of w and u.
1
Suppose 2*p - 6*p = -160. Suppose -2*m + p = 3*m. What is the greatest common divisor of m and 8?
8
Let o = 29 + -7. Suppose -o*n = -25*n + 204. What is the greatest common divisor of n and 17?
17
Let a(g) = 3*g**3 - 8*g**2 - 10*g + 3. Let p be a(4). What is the highest common divisor of p and 216?
27
Suppose 10*d - 4635 + 3715 = 0. What is the greatest common factor of 32 and d?
4
Suppose 4*i - 5*q - 3603 = 0, 1 = -2*q - 5. What is the greatest common factor of i and 78?
39
Suppose -132*x + 151*x = 4256. What is the highest common divisor of x and 7?
7
Suppose 2*h - 16 = 5*f, 3*h + 2*h - 5*f = 25. Suppose h*j = 7 - 1. Let l = -213 + 227. Calculate the highest common divisor of l and j.
2
Suppose -4*o = -l + 144, -o - 153 = -2*l + 135. What is the highest common divisor of 96 and l?
48
Let t = 2226 - 1390. Calculate the greatest common factor of t and 88.
44
Suppose 19*v = 25*v - 330. What is the highest common factor of 5 and v?
5
Let x = -131 - -196. Calculate the highest common factor of x and 20.
5
Let o(h) = h + 4. Let r be o(-2). Let f be (-2)/(-10)*0 - r. Let a be (f/3)/(16/(-312)). Calculate the greatest common factor of 104 and a.
13
Let c(y) = 0 - y - 2 - 2 + 3. Let f(z) = -10*z - 8. Let i(a) = 8*c(a) - f(a). Let x be i(5). Calculate the greatest common divisor of x and 4.
2
Let z = 893 - 797. What is the greatest common divisor of z and 40?
8
Let y(z) = -34*z - 242. Let h be y(-8). What is the highest common factor of 66 and h?
6
Suppose -2*k - 4 = 38. Let g be ((-36)/k)/((-10)/(-35)). Suppose -23 = -2*z + 13. Calculate the highest common factor of g and z.
6
Suppose 0 = -d + 6*d - 10. Let q be d/(4/(-3 + -9)). Let z be ((-3)/(-4))/(q/(-40)). What is the highest common factor of z and 20?
5
Let i be (-2)/(-5) + 684/(-10). Let f be (-50)/6 - i/51. Let v(m) = m**2 + 8*m + 9. Let z be v(f). Calculate the greatest common divisor of z and 2.
2
Let a(o) = 30*o**2 + 42*o + 168. Let l be a(-4). Calculate the greatest common divisor of l and 45.
15
Let u(s) = s**3 - 86*s**2 - 84*s - 260. Let p be u(87). Suppose 0 = -3*b + m + 31, -59 + 11 = -4*b - 2*m. What is the highest common factor of p and b?
1
Let c = 248 - 136. Suppose i + v = 13, 20 + 8 = i - 4*v. Calculate the highest common divisor of i and c.
16
Suppose 0*j = j - 6. Let h(n) = 2*n + 4*n**3 - 11*n**3 - 3*n**2 + j*n**3. Let y be h(-4). What is the greatest common factor of 56 and y?
8
Let u be (-1 - -19)/((-2)/(-3)). Let t = 310 + -307. Calculate the greatest common divisor of t and u.
3
Suppose 0 = -3*y - g + 3 + 14, -4*g - 51 = -5*y. Let v(n) = 2*n**2 - 6*n + 4. Let m be v(y). Calculate the highest common divisor of m and 15.
15
Let u = -8 + -49. Let p be 3*u/(-9) - -2. What is the greatest common factor of 7 and p?
7
Suppose 0 = 2*x + 2*l - 6, 6*l = 3*x + 2*l - 37. Let m = 163 + -107. What is the greatest common divisor of x and m?
7
Let i(m) = 31*m**2 + 5*m - 5. Suppose -14*n + 6 = -11*n. Let x be i(n). What is the greatest common factor of x and 43?
43
Suppose 20 = -4*y - 16. Let f = y + 11. Suppose r - 15 = -f*r. What is the highest common divisor of 15 and r?
5
Suppose -5*y + 4*h = -29, -36 - 8 = -4*y - 2*h. Let r be ((-5)/1)/((-1)/14). Let q = r - 43. Calculate the greatest common factor of q and y.
9
Suppose 4*s = 6*s + q - 26, 0 = 5*s + 3*q - 64. Let o(f) = 3*f**2 + f. Let t be o(-1). What is the highest common factor of s and t?
2
Let f be (-5)/(130/4) - (-216)/(-117). Let h(m) = 2*m**3 + 6*m**2 + 3*m. Let d be h(f). Calculate the highest common factor of 4 and d.
2
Suppose 6*u - 3*u = -3. Let h be 0 - ((2 - -2) + u). Let p = 5 + h. What is the highest common divisor of p and 6?
2
Let i = 30 + -27. Calculate the greatest common divisor of 9 and i.
3
Let d(f) = -f**3 - 14*f**2 - 53*f. Let k be d(-9). Calculate the highest common factor of k and 56.
8
Suppose 19*g = 17*g + 238. Calculate the greatest common factor of g and 7.
7
Suppose l - 2*l - 1 = 5*c, -4*l = -2*c - 18. Let p be l*4/2 + 2. Let x be (-26)/5*p/(-4). What is the highest common divisor of x and 13?
13
Let k = 65 + 57. Suppose -3*l - 2 = -k. Calculate the greatest common factor of 16 and l.
8
Suppose 0 = -4*g - 16, 5*g = 26*s - 23*s - 128. What is the highest common factor of s and 24?
12
Suppose 0 = -7*f + 9*f - 98. Suppose 2*i = -o + 17, 5*o + 5*i - f = 2*o. What is the greatest common divisor of o and 104?
13
Suppose 4*j = 3*z + 15, z - 11 = 6*z - 2*j. Let t be 22/(-33) - z/3*29. What is the greatest common factor of t and 99?
9
Suppose 0 = -l - 4, 3*t - 3*l = 2*l + 182. Suppose -134 = -5*a + 256. Suppose 3*d = 5*w - a, -3*d - 14 = -w - 2*d. What is the highest common factor of w and